{"id":4611,"date":"2025-07-03T11:11:11","date_gmt":"2025-07-03T09:11:11","guid":{"rendered":"https:\/\/norderney-sportboothafen.de\/?page_id=4611"},"modified":"2025-07-03T11:11:11","modified_gmt":"2025-07-03T09:11:11","slug":"chronik-2001-2025","status":"publish","type":"page","link":"https:\/\/norderney-sportboothafen.de\/?page_id=4611","title":{"rendered":"Chronik 2001-2025"},"content":{"rendered":"\n<h1>Chronik 2001-2025<\/h1>\n<p>&nbsp;<\/p>\n\n\n\n\n\n<p><strong>Vereinschronik ab 2001 (Fotos folgen)<\/strong><\/p>\n<p><strong>2001 &#8211; 2005<\/strong><\/p>\n<p>Das Wassersportzentrum hat sich als Anlaufstelle bew\u00e4hrt und die Bewirtschaftung geht mit Willm und Steffi weiter. Nach einem turbulenten Jahr 2000 hat sich der Verein finanziell konsolidiert. Und die Neufestsetzung des Erbbauzinses nach fr\u00fchestens 15 Jahren gibt Planungssicherheit.<\/p>\n<p>Die Jugendgruppe erh\u00e4lt eine Gro\u00dfspende der Korus-Stiftung in H\u00f6he von 25.000 DM. Das Geld soll f\u00fcr einen Jugendraum mit Jugendwerkstatt unter dem alten Bootshaus eingesetzt werden. Denn die Jugendgruppe ist dabei, sich eigene Schwertzugv\u00f6gel-Boote zu bauen.<\/p>\n<p>Geld wird auch f\u00fcr das Projekt der Juister Halle zur\u00fcckgehalten, die im November 2001 in Juist abgebaut wurde. An der Halle soll auch ein Waschplatz mit Abscheideanlage installiert werden.<\/p>\n<p>Gefeiert werden 20 Jahre Halle B und das 20-j\u00e4hrige Jubil\u00e4um von Hafenmeister J\u00f6rg Pauls (Foto Mitte).<\/p>\n<p>Bei der JHV 2002 wird Michael Pauls zum Nachfolger von Heinz Stolle zum ersten Vorsitzenden gew\u00e4hlt. Das Wahlalter f\u00fcr die Vereinsmitglieder wird auf 16 Jahre herabgesetzt.<\/p>\n<p>Segelkamerad Buttje Westd\u00f6rp initiiert erstmals ein Jugendtrainingswochenende mit dem Namen \u201eA-Watt\u201c. Am ersten Trainingswochenende der A-Watt auf Norderney nehmen 34 Kinder und Jugendliche teil. 170 Teilnehmer gibt es beim ersten A-Watt-Jugendsegelwochenende beim YCN in Norddeich, davon elf von Norderney.<\/p>\n<p>Die Korus-Stiftung spendet einheitliche Schlechtwetterbekleidung. Die Boote Wasserfloh und Helferlein werden getauft. Jugendliche nehmen mit der Rosinante an der Seeregatta vor Norderney und der Rumfassregatta Bensersiel teil.<\/p>\n<p>70 Boote fahren bei der SVN-Regatta mit. Sven Kraja wird Deutscher und Holl\u00e4ndischer Meister im Strandsegeln.<\/p>\n<p>Bei Wind, Eis und Regen arbeiten Mitglieder 2003 am Bau der Halle Juist, legen Fundamente und bereiten die Pflasterung vor.<\/p>\n<p>Die Aalkuhle wird an Annas unterverpachtet. Heide und Erich Wilts halten einen spannenden Vortrag \u00fcber ihre Tour vom Kap Horn nach Melanesien.<\/p>\n<p>Die Korus-Stiftung bedenkt die Jugendgruppe des Seglervereins wieder einmal mit einer gro\u00dfz\u00fcgigen Spende. Die 9.500 Euro sind zweckgebunden f\u00fcr die Jugendf\u00f6rderung.<\/p>\n<p>Die Zukunft des alten Bootshauses steht 2004 zur Diskussion, denn die Kosten f\u00fcr die Energiebewirtschaftung sind zu hoch. Geplant ist, das alte Bootshaus langfristig zu vermieten.<\/p>\n<p>Die Strandsegler m\u00fcssen ihren Schuppen an der Wei\u00dfen D\u00fcne r\u00e4umen. Zwar gibt es noch eine \u00dcbergangsregelung, allerdings sind nur noch zwei Strandsegler aktiv.<\/p>\n<p>Die Arbeitsstundenregelung wird ge\u00e4ndert, es werden jetzt jeweils f\u00fcr das Jahr Stunden festgelegt und berechnet. Au\u00dferdem gelten nun auch Arbeitsstunden au\u00dferhalb des Arbeitsdienstes.<\/p>\n<p>Der Verein hat 655 Mitglieder, davon sind 172 Ausw\u00e4rtige. Die Aufnahmegeb\u00fchr bleibt bei 50 Euro f\u00fcr Norderneyer und 200 Euro f\u00fcr Ausw\u00e4rtige.<\/p>\n<p>Zum ersten Mal seit dem Wiederaufleben des Vereins in den 1940er Jahren f\u00e4llt 2005 das Stiftungsfest aus \u2013 Grund ist der sp\u00e4rliche Besuch im Jahr zuvor. Stattdessen wird mit einem kleinen Fest der Grillstand auf dem Hansendamm er\u00f6ffnet. Der wurde unter Leitung von Reemt Rah aus Restmaterialien errichtet. Ein neues Dach bekommt die Halle B. Und im Surfbecken gibt es jetzt einen Ponton f\u00fcr die Optisegler.<\/p>\n<p>Das Hafenfest f\u00e4llt wegen schlechten Wetters fast ins Wasser, aber es ist dennoch eine gelungene Veranstaltung. Wie im Jahr zuvor ist die Beteiligung bei Seglern und Besuchern der Regatta und des Festes r\u00fcckl\u00e4ufig. Daf\u00fcr ist das Jugendsegelwochenende \u2013 diesmal auf Norderney \u2013 ein voller Erfolg.<\/p>\n<p>Heinz Stolle hat ein Arbeitsboot unter einer Abdeckplane hervorgeholt und Karl Ulrichs hat das Boot flott gemacht. Und so kann die \u201eKalle U\u201c am 5. August 2005 getauft werden.<\/p>\n<p><strong>2006 &#8211; 2010<\/strong><\/p>\n<p>Die Teilnahme an der Regatta nimmt weiter ab, 48 Boote sind in drei Klassen dabei. Die Idee, den Regattaball anders aufzuziehen, wird gut angenommen. So spielt eine Jazzband vorm Bootshaus. Und statt des Stiftungsfests gibt es ein Sommerfest mit guter Beteiligung.<\/p>\n<p>Im August 2006 findet zum zweiten Mal auf Norderney die Internationale Meisterschaft der 505er-Jollen statt. Rund 50 Boote nehmen teil.<\/p>\n<p>Die Jugendgruppe bekommt das Boot Gully mit zwei Schwimmwesten und Zubeh\u00f6r geschenkt. Im Juli 2006 gibt es eine DLRG-Demonstration f\u00fcr Bundespr\u00e4sident Horst K\u00f6hler an der Wei\u00dfen D\u00fcne. Gezeigt werden soll, wie eine Besatzung von einem gekenterten Boot gerettet wird. Jann Pauls kentert absichtlich mit dem Jugendboot Teamw\u00f6rk, doch dabei bricht der Mast.<\/p>\n<p>Weil das Ost-Fluttor nicht geschlossen ist, kommt es im November bei einer Sturmtide zu \u00dcberflutungen. Unter anderem werden das Winterlager der Jugendboote in der Halle Juist, die Halle A und die Jugendwerkstatt unter dem alten Bootshaus \u00fcberflutet. Besch\u00e4digt werden die elektrischen Ger\u00e4te der Eigner und der Jugendabteilung und Mobiliar.<\/p>\n<p>Reemt Rah organisiert das Ansegeln nach Greetsiel und ein weiteres Ansegeln nach Langeoog. Abgesegelt wird nach Baltrum. Und auch das Bo\u00dfeln gegen den Heimatverein Norderney findet statt. Die zehnte Vereins-Fahrt geht nach Rostock-Warnem\u00fcnde.<\/p>\n<p>Das alte Bootshaus wird verpachtet: der obere Bereich an Radio SWS und der untere an die Fa. Jan Dorenbusch. Die Liegeplatzgeb\u00fchr f\u00fcr G\u00e4ste wird um 10 Prozent erh\u00f6ht.<\/p>\n<p>Die Strandsegler richten im Mai ihre j\u00e4hrliche Regatta an der Wei\u00dfen D\u00fcne mit 15 Strandseglern und sechs Regattal\u00e4ufen aus.<\/p>\n<p>2007 erh\u00e4lt die Jugendgruppe erh\u00e4lt eine Bootsrampe im Surfbecken zum Slippen der Opti-Jollen. Der SVN bedankt sich bei Malermeister Wilfried Schlegel f\u00fcr die Versch\u00f6nerung der Hafenmauer (Foto von 2025).<\/p>\n<p>Nach langen Verhandlungen wird eine Vertragsverl\u00e4ngerung f\u00fcr die Wasserfl\u00e4chen um 15 Jahre ab 2009 mit NPorts abgeschlossen.<\/p>\n<p>Das Thema der Kurbeitragsabgabe ist noch nicht abschlie\u00dfend gekl\u00e4rt. Bisher waren die ersten drei Tage frei. Wer l\u00e4nger blieb, zahlte r\u00fcckwirkend ab dem ersten Tag. Nach Gespr\u00e4chen mit der Stadt kommt kein zufriedenstellendes Ergebnis heraus. Zugestanden wird, dass die erste Nacht frei bleibt. Zu dem Thema soll noch die Entwicklung auf den anderen Inseln abgewartet werden.<\/p>\n<p>Die Beteiligung bei der Regatta mit 41 Booten und beim Ball l\u00e4sst zu w\u00fcnschen \u00fcbrig. Daf\u00fcr ist das Sommerfest ein guter Erfolg, ebenso wie die Gemeinschaftsfahrt mit 58 Teilnehmern nach Hamburg.<\/p>\n<p>Pastor Gerdes-Janssen schenkt dem Verein ein Motorboot im Wert von ca. 10.000 Euro. Im M\u00e4rz 2008 wird das Arbeitsboot Onkel Theo getauft.<\/p>\n<p>Auch im Jahr 2008 besch\u00e4ftigt das Thema Kurbeitrag den Verein weiter. Und es gibt in der Saison dazu viele Beschwerden von G\u00e4sten. Beim Petitionsausschuss des Nieders\u00e4chsischen Landtages wird eine Eingabe gestellt, doch die Antwort ist eindeutig: Ab dem ersten Tag ist Kurtaxe zu entrichten. Befreit sind diejenigen, die im Besitz einer Kurkarte der anderen Inseln oder K\u00fcstenorte sind. Beim Inseltreffen auf Juist wird beschlossen, eine Inselkarte auszugeben, mit der ein freies Liegen an zwei Tagen geregelt wird. F\u00fcr die Bensersieler und Greetsieler soll eine Nacht am Wochenende frei sein.<\/p>\n<p>Eine neue Liegeplatzregelung wird verabschiedet. Zwei zus\u00e4tzliche Schwimmstege werden angeschafft, zwei weitere sollen 2009 dazu kommen.<\/p>\n<p>Gerd Lengerhuis jr. wird bei der Jahreshauptversammlung 2009 zum ersten Vorsitzenden gew\u00e4hlt. Da die Satzung nicht mehr den Anforderungen entspricht, wird sie erg\u00e4nzt und ge\u00e4ndert. Die Aufnahmegeb\u00fchren f\u00fcr Norderneyer und Ausw\u00e4rtige werden abgeschafft.<\/p>\n<p>Die Regatta muss wegen Kabelverlegearbeiten im Wattfahrwasser abgesagt werden.<\/p>\n<p>Eine Solaranlage wird auf dem Bootshaus installiert. Die Kosten betragen 35.000 Euro. 2010 wird f\u00fcr 78.000 Euro eine PV-Anlage auf die Halle Juist gebaut. 2010 werden die Steganlage im Westen und die Stroms\u00e4ulen sowie die Beleuchtung an den Stegen erweitert bzw. erneuert.<\/p>\n<p>Aus Anlass einer Anzeige wegen angeblicher Einleitung von Schadstoffen bei der Reinigung der Pontons sollen in Zusammenarbeit mit dem Umweltministerium und der Firma LimnoMar als Mieter des alten Vorstandszimmers verschiedene Anstrich-Arten und Entsorgungsm\u00f6glichkeiten getestet werden. Die Versuche mit insgesamt acht umweltfreundlichen Unterwasseranstrichen f\u00fcr die Pontons bringen aber noch keine geeignete Alternative.<\/p>\n<p>2010 gibt es keine Seeregatta, daf\u00fcr finden siebenmal Mittwochs-Regatten statt. Die sportliche Herausforderung f\u00fcr Gerd Lengerhuis mit Brummer sind eher gering, da neben ihm zumeist nur die Dufours der Segelschule antreten. Dennoch sind es meist sch\u00f6ne abendliche Fahrten mit 5-7 Booten.<\/p>\n<p><strong>2011 &#8211; 2014<\/strong><\/p>\n<p>Das alte Bootshaus wird im Bieterverfahren an Jan Dorenbusch verkauft. Da damit der Jugendraum wegf\u00e4llt, wird ein Ersatz im hinteren Teil der Halle J geschaffen. Andr\u00e9 Libal ist neuer P\u00e4chter der Aalkuhle.<\/p>\n<p>Nach einigen Schwierigkeiten und mit viel Improvisationstalent werden neue Pf\u00e4hle gerammt und neue Betonstege eingebracht. Die Investitionssumme betr\u00e4gt 100.000 Euro.<\/p>\n<p>Die Seeregatta soll durch eine Kinder-Opti-Regatta erweitert werden. Thorsten Rademacher will nach 17 Jahren den Posten als Regattaleiter abgeben, es findet sich aber vorerst kein Nachfolger.<\/p>\n<p>Der Nikolaus muss 2011 ein St\u00fcck mit dem Auto fahren, da das Rettungsboot nicht an der Br\u00fccke angelegen kann.<\/p>\n<p>Der neue Spielplatz wird im Juni 2012 seiner Bestimmung \u00fcbergeben. Er ist eine gro\u00dfe Bereicherung f\u00fcr Vereinskinder und G\u00e4ste.<\/p>\n<p>Die Opti-Regatta wird gemeinschaftlich von der Segelschule und dem Seglerverein organisiert. Sie findet zusammen mit der Regatta statt und 40 Kinder nehmen teil. Darunter sind auch Teilnehmer von Borkum, Juist, Greetsiel und Norddeich. Der Rotary-Club spendet 3.000 Euro f\u00fcr die Anschaffung von Trockenanz\u00fcgen f\u00fcr die Jugendgruppe.<\/p>\n<p>Bei der Jahreshauptversammlung 2013 wird beschlossen, die Terrasse vor der Aalkuhle zu vergr\u00f6\u00dfern. Der P\u00e4chter des Bootshauses, Wilhelm Heeren, bittet um vorzeitige Beendigung des Pachtvertrages. Zur Neuverpachtung bildet sich eine Arbeitsgruppe. Zehn Bewerbungen gehen ein. Letztlich kommt aber trotz intensiver Bem\u00fchungen aus verschiedenen Gr\u00fcnden keiner dieser Bewerber in Frage und der Verein nimmt Gespr\u00e4che mit Kalle Sigges auf.<\/p>\n<p>Das 15. A-Watt-Jugendsegelwochenende findet im Juni 2014 mit 120 Teilnehmern von Borkum, Juist, Greetsiel, Norddeich, Bensersiel und Spiekeroog auf Norderney statt. Der Seglerverein richtet diese Veranstaltung bereits zum dritten Mal aus. 80 segelnde Kinder und Jugendliche nehmen teil. Ein Zeltlager wird links und rechts der Halle Juist aufgebaut und die halbe Halle C wird als Notschlafplatz freigehalten.<\/p>\n<p>27 Jungsegler nehmen am Winterfest am Surfstrand mit Lagerfeuer teil.<\/p>\n<p><strong>2015-2019<\/strong><\/p>\n<p>Der Hotelier Karl-Hans Sigges wird neuer P\u00e4chter des Bootshauses, das unter dem Namen NeysPlace neu er\u00f6ffnet wird. Allerdings k\u00f6nnen die geplanten Erweiterungen und Umbauten wegen beh\u00f6rdlicher H\u00fcrden nicht bis zum Saisonstart durchgef\u00fchrt werden. Im Herbst und Winter werden die Arbeiten abgeschlossen.<\/p>\n<p>Sid Behrend \u00fcbernimmt die Segelschule. Und da die MS FREUNDSCHAFT nicht mehr in den Norderneyer Hafen kommt, weil sie \u201edem Hochofen zum Opfer f\u00e4llt\u201c, stellt der Verein vor\u00fcbergehend f\u00fcr die Segelschule einen 24 Meter Alusteg zur Verf\u00fcgung.<\/p>\n<p>Ein \u00dcberspannungsschaden in der Hauptverteilung richtet erheblichen Schaden an vielen Booten an. Neun Stroms\u00e4ulen auf der schwimmenden Anlage sind defekt und rund 25 Hafenlieger melden Sch\u00e4den an. Durch das Ausl\u00f6sen der Brandmeldeanlage und durch schnelles Handeln kann ein gr\u00f6\u00dferer Schaden vermieden werden. Die Sch\u00e4den bei den Hafenliegern \u00fcbernimmt die Versicherung, aber nur die H\u00e4lfte der Reparaturkosten.<\/p>\n<p>35 Kinder und Jugendliche sind 2015 in drei Segelgruppen aktiv. Mit sechs Jugendbetreuern und -betreuerinnen sowie dem Jugendwart ist die Jugendabteilung gut aufgestellt. \u201eNix wie weg\u201c hei\u00dft die neue Conger-Jolle. Dazu kommt noch ein Trainer-Schlauchboot. H\u00e4ufige Starkwind-Tage machen das Training schwierig. Erstmals nach 15 Jahren f\u00e4llt das A-Watt-Jugendsegelwochenende aus, da kein Termin gefunden werden kann.<\/p>\n<p>Am 19. Oktober 2016 brennt die Halle B lichterloh. Gl\u00fccklicherweise gibt es keine Personensch\u00e4den. Aber 23 Boote sowie das Geb\u00e4ude sind zerst\u00f6rt. Auch viele Teile und Zubeh\u00f6r der Steganlage werden vernichtet. Dem beherzten Eingreifen der anwesenden Segelkameraden und von Axel de Boer ist es zu verdanken, dass der Brand nicht auch noch auf die Boote der Halle C \u00fcbergreift. Eine Brandursache kann nicht festgestellt werden. Im Juni wird eine neue Schlie\u00dfanlage eingebaut. Aufgrund freundlicher Spenden und der Zahlungen der Versicherungen kann die Entsorgung der Schiffswracks bezahlt werden.<\/p>\n<p>Er h\u00f6rt auf den Namen \u201eArchi\u201c, benannt nach seinem Stifter: Der neue Radlader des Seglervereins. Der alte Vereinsradlader war beim Hallenbrand im Oktober 2016 zerst\u00f6rt worden. Die Anschaffung ist durch eine Initiative mehrerer Privatpersonen erm\u00f6glicht worden, die dem Vereinskameraden Achim Metzner zum Kauf eines neuen Bootes verhelfen wollten. Er hatte sein Boot beim Brand verloren, wollte aber auf ein neues Schiff verzichten. Stattdessen machte er sich f\u00fcr den Neuerwerb eines Radladers stark. Getauft von Tim Sigges wird das Fahrzeug im Rahmen einer geselligen Feier am 30. April 2017 in Dienst gestellt.<\/p>\n<p>Der f\u00fcr 2017 geplante Neubau der Halle B verz\u00f6gert sich, da der Landkreis weitere Bodenproben und ein Monitoring des Grundwassers anfordert. Um die Boote unterzubringen, wird eine kleine Halle im Gewerbegel\u00e4nde gepachtet.<\/p>\n<p>Bei den Probebohrungen 2018 wird eine Belastung des Bodens festgestellt und ein Teilaustausch des Bodens vom Landkreis angeordnet. Dann kann endlich der Neubau der Halle beginnen. Nach etwa drei Monaten Bauzeit ist sie Ende September 2018 fertiggestellt.<\/p>\n<p>34 Mitglieder helfen mit, um 120 Tonnen Pflastersteine zu verlegen. Mit dieser Vereinsarbeit werden rund 25.000 Euro eingespart.<\/p>\n<p>Erik Fischer legt nach fast 20 Jahren seine ehrenamtliche T\u00e4tigkeit als Gesch\u00e4ftsf\u00fchrer der Sportboothafen GmbH nieder. Im B\u00fcro ist Nicole Aderhold zus\u00e4tzlich zu Christine Hallwegh t\u00e4tig. Stefan \u201eBibo\u201c Visser wird zum April 2019 als Hafenmeister fest eingestellt.<\/p>\n<p>Die Jugendgruppe bekommt erneut Zuwachs: Eine weitere Teeny-Jolle und zwei Optimisten werden angeschafft. Die Teeny-Jolle, gestiftet von der A&amp;E-Korus Stiftung, wird im Juni auf den Namen Eduard getauft.<\/p>\n<p>\u00c4rger gibt es, als ein Seglerkamerad das Unterwasserschiff seines Bootes direkt auf der Pier reinigt. Dadurch l\u00e4uft eine Menge verunreinigtes Wasser in den Hafen, was f\u00fcr eine Anzeige sorgt. Die Polizei spricht ein sofortiges Wasch- und Reinigungsverbot f\u00fcr Boote und die schwimmende Anlage aus. Der Verein nimmt Kontakt zu anderen Vereinen auf, da das Thema der Bootsreinigung und einer evtl. Abscheideanlage auch andere betrifft.<\/p>\n<p>Luise Brandt unterst\u00fctzt zum 50. Mal den Nikolaus. Auch Nikolaus Siggi Schreiber ist seit vielen Jahren mit dabei. Begleitet wird die Nikolausfeier von der Gruppe Querbeet mit Christel Pauls und Willem Nijenhuis.<\/p>\n<p>2019 ist das Thema rund um den Neubau der Halle B endlich abgeschlossen. Und nun hat der Verein eine neue, moderne Halle. Zwar gab es keine gro\u00dfen finanziellen Sch\u00e4den, doch die ideellen Sch\u00e4den f\u00fcr die Bootsinhaber, die ihr Boot durch das Feuer verloren haben, sind immens.<\/p>\n<p>Bei der Erweiterung der Beton-Steganlage werden 60 laufende Meter Stege und die Pf\u00e4hle bei einem Extra-Arbeitsdienst eingebaut. Allerdings werden die Stege zu sp\u00e4t in Norddeich angeliefert und dadurch verz\u00f6gern sich die Arbeiten stark.<\/p>\n<p>Mit zw\u00f6lf Booten geht es im Mai zum Ansegeln und Anmotoren nach Langeoog. Im September fahren die Vereinsmitglieder nach Baltrum.<\/p>\n<p>Die Seeregatta muss wegen schlechter Wetterbedingungen abgesagt werden, doch die Feier mit Live-Musik findet bei guter Beteiligung in der neuen Halle B statt.<\/p>\n<p>Bei einer au\u00dferordentlichen Mitgliederversammlung wird der vorgezogene R\u00fcckkauf des Wirtschaftstraktes von den Stadtwerken einstimmig beschlossen. Die Vertragsunterzeichnung erfolgt im November 2020.<\/p>\n<p>Im September 2019 wird der Grillplatz mit Palisaden-Wand er\u00f6ffnet.<\/p>\n<p>Die Jugendsegler starten im M\u00e4rz in die Saison mit einem Jahrestreffen auf Norderney und mit praktischen \u00dcbungen zum Thema Mast- und Segeltrimm. Ein 20-Fu\u00df-Seefrachtcontainer wird als Ersatz f\u00fcr den Hubwagen-Container als Trockenraum aufgestellt. Im Juni geht es zum Training nach Greetsiel und im September zum Jugendsegelwochenende nach Juist.<\/p>\n<p><strong>2020-2024<\/strong><\/p>\n<p>Corona ist das bestimmende Thema des Jahres 2020: Gemeinschaftliche Aktivit\u00e4ten kommen zum Erliegen, Gemeinschaftsfahren finden nicht statt, die Jahreshauptversammlung wird in den Sommer und in die Halle B verlegt. Die Regatta und das Sommerfest fallen ebenso aus wie die Nikolausfeier. Vorstandssitzungen werden zum Teil in Form von Videokonferenzen abgehalten.<\/p>\n<p>Auch das Ausbringen der Anlage im Herbst ist gew\u00f6hnungsbed\u00fcrftig: Bei Maskenpflicht und Mindestabstand l\u00e4uft aber alles problemlos ab. Erstmals kommt eine mobile Filteranlage zum Einsatz, um das kontaminierte Wasser aufzufangen. Die Baugenehmigung f\u00fcr die Installation eines festen Waschplatzes ist beantragt.<\/p>\n<p>Bei der Jahreshauptversammlung im August in der Halle B wird Lutz Brandt einstimmig zum Nachfolger von Gerd Lengerhuis zum ersten Vorsitzenden gew\u00e4hlt.<\/p>\n<p>Thorsten Rademacher wird zum 1. Januar zum neuen Gesch\u00e4ftsf\u00fchrer neben Hermann Pauls bestellt. Christine Hallwegh hat aus pers\u00f6nlichen Gr\u00fcnden gek\u00fcndigt, ab April ist Verena Leidig neu im B\u00fcro-Team.<\/p>\n<p>Die Insulaner-Karte wird in Absprache mit den Inselvereinen \u00fcberarbeitet. Bedingung f\u00fcr den Erhalt sind ein Liegeplatz und der feste Wohnsitz auf der Insel.<\/p>\n<p>Und auch 2021 bestimmt die Corona-Pandemie immer noch das Leben. Aber nach und nach kommen wieder Dauerlieger und auch G\u00e4steboote in den Hafen. Im Sommer wird ein Coronatest-Container am Hafen aufgestellt.<\/p>\n<p>Im Juni landen Frisia Inselexpress und T\u00f6werland-Express mit den Schnellf\u00e4hren an der Anlage. NPorts hatte darum gebeten, das Anlegen zu erm\u00f6glichen. Dies sorgt bei einigen Vereinsmitgliedern f\u00fcr Unmut und ist nur eine vor\u00fcbergehende Ma\u00dfnahme.<\/p>\n<p>Ein Opti-Steg mit eigenem Regal und Container erleichtert das Jugendtraining. Der Steg kann dank der finanziellen Unterst\u00fctzung durch den Rotary Club zum Beginn der Saison in Betrieb gehen. Die Spatzen in Halle B sind zum Leidwesen der Bootsinhaber sehr aktiv. Manchmal siedeln die Spatzen auch in Halle C um.<\/p>\n<p>Der Hafen f\u00fcllt sich 2021 fr\u00fch, und es gibt im Jahr 3.204 Schiffsbewegungen (2020 waren es Corona-bedingt nur 2878). Das Ansegeln geht zum Leidwesen einer Beisitzerin nach Accumersiel (wirklich nach ACCUM?!) und ist ein voller Erfolg. Vier Jollen und sechs Begleitboote fahren im September 2021 zum Jugendsegelwochenende nach Norddeich.<\/p>\n<p>Nachdem zwei Jahre lang die Regatten ausgefallen waren, gehen 16 Schiffe an den Start. Daf\u00fcr nehmen 20 Schiffe am Absegeln nach Juist teil und werden von Scholle prima bewirtet.<\/p>\n<p>Die Nikolausfeier 2021 muss wegen der Pandemie komplett ausfallen. Daf\u00fcr beschenken die Helfer des Nikolaus die Kinder zu Hause. Und auch die Jahreshauptversammlung 2022 muss im Sommer und in Halle B stattfinden.<\/p>\n<p>Nach mehr als 40 Jahren als Hafenmeister geht J\u00f6rg Pauls im November in den Ruhestand. Bei einer Feier in Halle B wird J\u00f6rg von Erik Fischer launig verabschiedet. Vorsitzender Lutz Brandt dankt ihm auf der Jahreshauptversammlung 2022 f\u00fcr seine Arbeit und sagt, dass J\u00f6rg das Bild des Hafens gepr\u00e4gt und aktiv mitgestaltet hat. Chris Harms ist als neuer Hafenmeister gut angekommen.<\/p>\n<p>Nach einem langen Genehmigungsprozess kann im Sommer 2022 der Waschplatz gebaut werden. 50 Prozent der Kosten werden \u00fcber F\u00f6rdergelder finanziert. Bereits im Herbst steht er zum Reinigen der Stege und Schiffe zur Verf\u00fcgung.<\/p>\n<p>Hei\u00df diskutiert an der gesamten K\u00fcste wird die neue Befahrensverordnung f\u00fcr die K\u00fcstengew\u00e4sser. Vor allem auf Juist ist man besorgt, dass ein Trockenfallen an einigen Stellen verboten werden soll.<\/p>\n<p>Wegen starken Windes kann die Regatta im Juli nur auf der Innenbahn gesegelt werden.<\/p>\n<p>Die Jugendgruppe kann nach Corona endlich wieder das gewohnte Training anbieten. Dabei ist auch der neue Au\u00dfenborder hilfreich. Im September findet das Jugend-Segelwochenende auf Norderney statt \u2013 bei bestem Wetter und mit toller Beteiligung.<\/p>\n<p>Die Hafenwarte z\u00e4hlen 3.834 Boote im Hafen. Das ist ein Plus von 630 Schiffsbewegungen zum Vorjahr.<\/p>\n<p>Der langj\u00e4hrige Jugendwart Karl \u201eButtje\u201c Westd\u00f6rp, Mitbegr\u00fcnder der A-Watt-Vereinigung und der Jugendsegel-Wochenenden, stirbt im Oktober 2022.<\/p>\n<p>Nach 23 Jahren werden B\u00fcro, Hafenb\u00fcro und Vorstandszimmer renoviert, saniert und erneuert \u2013 auch der Server und technisches Equipment werden ersetzt.<\/p>\n<p>Und im Dezember kommt der Nikolaus wir fr\u00fcher mit der OTTO SCH\u00dcLKE, die als zuk\u00fcnftiges Museumsboot wieder nach Norderney zur\u00fcckgekehrt ist. \u00a0<\/p>\n<p>Viel Arbeit, Nerven und Gespr\u00e4che kosten die Verhandlungen mit NPorts zu den Pachtvertr\u00e4gen und den Verl\u00e4ngerungen der Erbpachten.\u00a0<\/p>\n<p>Zwei gro\u00dfe Ereignisse pr\u00e4gen das Vereinsjahr 2023: Der Austausch eines Teils der Steganlage von Alu zu Beton und die \u2013 nach 1976 und 2016 \u2013 dritte Internationale Deutsche Meisterschaft der 505er-Jollen im August auf Norderney.<\/p>\n<p>Letztere ist ein gro\u00dfer Erfolg. An vier anstrengenden Wettkampftagen k\u00f6nnen neun der geplanten elf Wettfahrten gefahren werden. Vom Nordbad aus gut zu sehen sind die 27 Teams, die ihre Fahrt etwa zwei Kilometer n\u00f6rdlich der Insel absolvieren. Die Bedingungen und die Stimmung sind ideal.<\/p>\n<p>Die Segeljugend nimmt Anfang September erfolgreich am Jugendsegelwochenende auf Borkum teil. Nicole Aderhold scheidet aus dem Team aus, daf\u00fcr f\u00e4ngt Elke Trebsdorf im Fr\u00fchjahr als neue Mitarbeiterin an.<\/p>\n<p>Der Einbau der neuen Betonstege ist mit einigen Schwierigkeiten verbunden. Am Ende liegen aber zehn dieser Stege mit weit \u00fcber 100 Metern L\u00e4nge im Hafen. Sie k\u00f6nnen auch \u00fcber den Winter im Wasser bleiben, sodass weniger Aluminiumstege ben\u00f6tigt werden, weniger Arbeit anf\u00e4llt und kein Bewuchsschutz erforderlich ist.<\/p>\n<p>Nach acht Jahren \u00fcbergibt der bisherige P\u00e4chter Kalle Sigges zu 2024 das Restaurant und die Aalkuhle. Neuer P\u00e4chter der Restauration ist Janis Kleemann, der das Restaurant unter dem Namen \u201eBootshaus by Fischgeniesserei\u201c f\u00fchrt. So kann die Jahreshauptversammlung 2024 wieder im Restaurant Bootshaus stattfinden. Dabei wird Luise Brandt zum Ehrenmitglied ernannt. Sie hat 2022 nach mehr als 50 Jahren ihre Nikolaus-Arbeit abgegeben. Manni Fuhrmann wird f\u00fcr 70-j\u00e4hrige Vereinszugeh\u00f6rigkeit geehrt.<\/p>\n<p>Das Jugend-Segel-Wochenende geht im September nach Spiekeroog. Zum Jahresende 2024 sind 21 Kinder im Alter von 8 bis 18 Jahren in der Segeljugend. Die DGzRS bekommt allj\u00e4hrlich eine Spende des Seglervereins Norderney. 2024 darf die Jugendgruppe zum Dank den Seenotrettungskreuzer Eugen besichtigen.<\/p>\n<p>Ein Arbeitsboot aus Bundeswehrbest\u00e4nden wird angeschafft. Es soll auch die Aufgabe der Egge \u00fcbernehmen.<\/p>\n<p>Das Ansegeln geht Ende Mai 2024 nach Bensersiel, abgesegelt wird nach Baltrum. Leider muss die Seeregatta wegen Starkwinds abgesagt werden. Durch eine heftige Sturmb\u00f6e werden im August beide Teenyjollen trotz ausreichender Sicherung erheblich besch\u00e4digt.<\/p>\n<p>\u00a0<\/p>\n<p>\u00a0<\/p>\n<p>\u00a0<\/p>\n<p>\u00a0<\/p>\n\n\n","protected":false},"excerpt":{"rendered":"<p>Chronik 2001-2025 &nbsp; Vereinschronik ab 2001 (Fotos folgen) 2001 &#8211; 2005 Das Wassersportzentrum hat sich als Anlaufstelle bew\u00e4hrt und die Bewirtschaftung geht mit Willm und Steffi weiter. Nach einem turbulenten Jahr 2000 hat sich der Verein finanziell konsolidiert. Und die Neufestsetzung des Erbbauzinses nach fr\u00fchestens 15 Jahren gibt Planungssicherheit. Die Jugendgruppe erh\u00e4lt eine Gro\u00dfspende der &hellip; <\/p>\n<p class=\"link-more\"><a href=\"https:\/\/norderney-sportboothafen.de\/?page_id=4611\" class=\"more-link\"><span class=\"screen-reader-text\">\u201eChronik 2001-2025\u201c<\/span> weiterlesen<\/a><\/p>\n","protected":false},"author":3,"featured_media":0,"parent":0,"menu_order":0,"comment_status":"closed","ping_status":"closed","template":"","meta":{"footnotes":""},"class_list":["post-4611","page","type-page","status-publish","hentry"],"_links":{"self":[{"href":"https:\/\/norderney-sportboothafen.de\/index.php?rest_route=\/wp\/v2\/pages\/4611","targetHints":{"allow":["GET"]}}],"collection":[{"href":"https:\/\/norderney-sportboothafen.de\/index.php?rest_route=\/wp\/v2\/pages"}],"about":[{"href":"https:\/\/norderney-sportboothafen.de\/index.php?rest_route=\/wp\/v2\/types\/page"}],"author":[{"embeddable":true,"href":"https:\/\/norderney-sportboothafen.de\/index.php?rest_route=\/wp\/v2\/users\/3"}],"replies":[{"embeddable":true,"href":"https:\/\/norderney-sportboothafen.de\/index.php?rest_route=%2Fwp%2Fv2%2Fcomments&post=4611"}],"version-history":[{"count":7,"href":"https:\/\/norderney-sportboothafen.de\/index.php?rest_route=\/wp\/v2\/pages\/4611\/revisions"}],"predecessor-version":[{"id":4639,"href":"https:\/\/norderney-sportboothafen.de\/index.php?rest_route=\/wp\/v2\/pages\/4611\/revisions\/4639"}],"wp:attachment":[{"href":"https:\/\/norderney-sportboothafen.de\/index.php?rest_route=%2Fwp%2Fv2%2Fmedia&parent=4611"}],"curies":[{"name":"wp","href":"https:\/\/api.w.org\/{rel}","templated":true}]}}