{"id":75,"date":"2026-03-24T09:07:55","date_gmt":"2026-03-24T08:07:55","guid":{"rendered":"http:\/\/norderney-sportboothafen.de\/?page_id=75"},"modified":"2026-03-24T10:17:22","modified_gmt":"2026-03-24T09:17:22","slug":"vorstand","status":"publish","type":"page","link":"https:\/\/norderney-sportboothafen.de\/?page_id=75","title":{"rendered":"Vorstand"},"content":{"rendered":"<h1>Der Vorstand des Seglervereins Norderney e.V.<\/h1>\n<ul style=\"list-style-type: circle;\">\n<li>Lutz Brandt (1. Vorsitzender, Gesch\u00e4ftsf\u00fchrender Vorstand)<\/li>\n<li>Torsten Kruse (2. Vorsitzender)<\/li>\n<li>Bernd Daehne (Schriftf\u00fchrer, Gesch\u00e4ftsf\u00fchrender Vorstand)<\/li>\n<li>Markus Forner (Kassenwart, Gesch\u00e4ftsf\u00fchrender Vorstand)<\/li>\n<li>Sabine Brandt (Beisitzerin)<\/li>\n<li>Rudi Schinke (Beisitzer)<\/li>\n<li>Uli Cramer (Beisitzer)<\/li>\n<li>Karl Bents (Technik- und Materialwart)<\/li>\n<li>Markus Wagner (Jugendwart)<\/li>\n<li>Sid Behrend (Regattaleiter)<\/li>\n<li>Hiltrud Hoffmann (Jubelwartin und Fahrtenobfrau)<\/li>\n<li>\u00a0<\/li>\n<li>Jochen Dr\u00f6st (1. Kassenpr\u00fcfer)<\/li>\n<li>Silas Virchow\u00a0 (2. Kassenpr\u00fcfer)<\/li>\n<li>Gerd Heckelmann (2. Kassenpr\u00fcfer)<\/li>\n<li>\u00a0<\/li>\n<li>Klaus Dinkla (\u00c4ltestenrat)<\/li>\n<li>Erik Fischer (\u00c4ltestenrat)<\/li>\n<li>Gerd Lengerhuis jun. (\u00c4ltestenrat)<\/li>\n<li>Siggi Schreiber (\u00c4ltestenrat)<\/li>\n<li>J\u00f6rg Pauls<\/li>\n<li>\u00a0<\/li>\n<li>Thorsten Rademacher (GF Sportboothafen Norderney GmbH)<\/li>\n<li>Jan Flessner (GF Sportboothafen Norderney GmbH)<\/li>\n<\/ul>\n<p>Hallenwarte: Heiko Hoffmann (B), Lukas Kuhn (C), Gerd Neunaber (J)<\/p>\n\n\n<p><a href=\"https:\/\/norderney-sportboothafen.de\/wp-content\/uploads\/2026\/03\/20260227_214342429-scaled-e1774339426358.jpg\"><img loading=\"lazy\" decoding=\"async\" class=\"alignnone size-full wp-image-5067\" src=\"https:\/\/norderney-sportboothafen.de\/wp-content\/uploads\/2026\/03\/20260227_214342429-scaled-e1774339426358.jpg\" alt=\"JHV 2026\" width=\"2458\" height=\"1015\" srcset=\"https:\/\/norderney-sportboothafen.de\/wp-content\/uploads\/2026\/03\/20260227_214342429-scaled-e1774339426358.jpg 2458w, https:\/\/norderney-sportboothafen.de\/wp-content\/uploads\/2026\/03\/20260227_214342429-scaled-e1774339426358-300x124.jpg 300w, https:\/\/norderney-sportboothafen.de\/wp-content\/uploads\/2026\/03\/20260227_214342429-scaled-e1774339426358-1400x578.jpg 1400w, https:\/\/norderney-sportboothafen.de\/wp-content\/uploads\/2026\/03\/20260227_214342429-scaled-e1774339426358-768x317.jpg 768w, https:\/\/norderney-sportboothafen.de\/wp-content\/uploads\/2026\/03\/20260227_214342429-scaled-e1774339426358-1536x634.jpg 1536w, https:\/\/norderney-sportboothafen.de\/wp-content\/uploads\/2026\/03\/20260227_214342429-scaled-e1774339426358-2048x846.jpg 2048w\" sizes=\"auto, (max-width: 767px) 89vw, (max-width: 1000px) 54vw, (max-width: 1071px) 543px, 580px\" \/><\/a><\/p>\n<p style=\"text-align: center;\"><strong><em>Ein Teil des Vorstands und der Gesch\u00e4ftsf\u00fchrung bei der Jahreshauptversammlung im Februar 2026, (von links): Jochen Dr\u00f6st (1. Kassenpr\u00fcfer), Silas Virchow (2. Kassenpr\u00fcfer), Lutz Brandt (1. Vorsitzender), Gerd Neunaber (Hallenwart J), Sabine Brandt (Beisitzerin), Markus Wagner (Jugendwart) und J\u00f6rg Pauls (\u00c4ltestenrat) sowie (hinten von links) Thorsten Rademacher (Gesch\u00e4ftsf\u00fchrer Sportboothafen Norderney GmbH), Tom Laska (Technik- und Materialwart), Markus Forner (Kassenwart), Jan Flessner (Gesch\u00e4ftsf\u00fchrer Sportboothafen Norderney GmbH), Rudi Schinke (Beisitzer), Hiltrud Hoffmann (Jubelwartin), Heiko Hoffmann (Hallenwart B), Klaus Dinkla (\u00c4ltestenrat), Sid Behrend (Regattawart), Gerd Lengerhuis (\u00c4ltestenrat), Sigi Schreiber (\u00c4ltestenrat) und Erik Fischer (\u00c4ltestenrat).\u00a0<\/em><\/strong><\/p>\n\n\n","protected":false},"excerpt":{"rendered":"<p>Der Vorstand des Seglervereins Norderney e.V. Lutz Brandt (1. Vorsitzender, Gesch\u00e4ftsf\u00fchrender Vorstand) Torsten Kruse (2. Vorsitzender) Bernd Daehne (Schriftf\u00fchrer, Gesch\u00e4ftsf\u00fchrender Vorstand) Markus Forner (Kassenwart, Gesch\u00e4ftsf\u00fchrender Vorstand) Sabine Brandt (Beisitzerin) Rudi Schinke (Beisitzer) Uli Cramer (Beisitzer) Karl Bents (Technik- und Materialwart) Markus Wagner (Jugendwart) Sid Behrend (Regattaleiter) Hiltrud Hoffmann (Jubelwartin und Fahrtenobfrau) \u00a0 Jochen Dr\u00f6st (1. &hellip; <\/p>\n<p class=\"link-more\"><a href=\"https:\/\/norderney-sportboothafen.de\/?page_id=75\" class=\"more-link\"><span class=\"screen-reader-text\">\u201eVorstand\u201c<\/span> weiterlesen<\/a><\/p>\n","protected":false},"author":1,"featured_media":0,"parent":0,"menu_order":0,"comment_status":"closed","ping_status":"closed","template":"","meta":{"footnotes":""},"class_list":["post-75","page","type-page","status-publish","hentry"],"_links":{"self":[{"href":"https:\/\/norderney-sportboothafen.de\/index.php?rest_route=\/wp\/v2\/pages\/75","targetHints":{"allow":["GET"]}}],"collection":[{"href":"https:\/\/norderney-sportboothafen.de\/index.php?rest_route=\/wp\/v2\/pages"}],"about":[{"href":"https:\/\/norderney-sportboothafen.de\/index.php?rest_route=\/wp\/v2\/types\/page"}],"author":[{"embeddable":true,"href":"https:\/\/norderney-sportboothafen.de\/index.php?rest_route=\/wp\/v2\/users\/1"}],"replies":[{"embeddable":true,"href":"https:\/\/norderney-sportboothafen.de\/index.php?rest_route=%2Fwp%2Fv2%2Fcomments&post=75"}],"version-history":[{"count":32,"href":"https:\/\/norderney-sportboothafen.de\/index.php?rest_route=\/wp\/v2\/pages\/75\/revisions"}],"predecessor-version":[{"id":5078,"href":"https:\/\/norderney-sportboothafen.de\/index.php?rest_route=\/wp\/v2\/pages\/75\/revisions\/5078"}],"wp:attachment":[{"href":"https:\/\/norderney-sportboothafen.de\/index.php?rest_route=%2Fwp%2Fv2%2Fmedia&parent=75"}],"curies":[{"name":"wp","href":"https:\/\/api.w.org\/{rel}","templated":true}]}}